be d(0). Calculate the greatest common divisor of f and 31.
31
Let i = -31 + 24. Let n(o) = -o**3 - 6*o**2 + 7*o + 5. Let r be n(i). What is the greatest common divisor of r and 1?
1
Let m be 3*1*4/6. Suppose -m*a + 16 = -6. What is the highest common divisor of 33 and a?
11
Let l(b) = -7*b - 1. Let i be l(-3). Suppose h - 640 = -7*h. What is the greatest common divisor of i and h?
20
Let k = 9 - 1. Calculate the highest common factor of 12 and k.
4
Let a(n) = 6*n - 4. Let z be a(3). Suppose z = r + 3*r + 3*m, -r + 3*m = -11. What is the highest common factor of r and 55?
5
Suppose -6 - 34 = -5*s + 2*c, -5*s + c + 40 = 0. Suppose 6*x + 12 - 36 = 0. Calculate the greatest common divisor of s and x.
4
Suppose 8 = -2*p + 58. Suppose -4*q + 5*f + p = -q, -14 = -2*q + 2*f. Let u be (45/12)/((-5)/(-60)). Calculate the greatest common factor of u and q.
5
Let v(q) = q + 11. Let u be v(-8). Let o = u + -1. Calculate the highest common factor of o and 14.
2
Let c be 32/(-6) - (-4)/(-6). Let r be 2/(c/(-165) - 0). Suppose -2*y + 0*y + 10 = 0. What is the greatest common divisor of r and y?
5
Suppose -3*p + b = -18, -4*b + 8 = -2*p + 6*p. Calculate the highest common factor of p and 30.
5
Suppose 25 = -2*w + 7*w. Suppose w*v - 32 = v. Calculate the highest common factor of v and 12.
4
Suppose 163*x + 174 = 166*x. What is the greatest common factor of 29 and x?
29
Let d(y) be the second derivative of y**4/4 - 5*y**3/6 - y**2/2 - 3*y. Let s be d(6). Let m = -23 + s. What is the highest common factor of 18 and m?
18
Let w be 16*(-3 + 2 - (-10)/5). Calculate the greatest common divisor of 8 and w.
8
Suppose i - 18 = 4*i. Let d be 100/6 + i/(-18). Suppose a - 45 = -d. What is the greatest common divisor of 70 and a?
14
Suppose -2*h + 24 = -0*h + 2*y, -h = 5*y - 12. What is the highest common factor of h and 24?
12
Let p be 2 + (-1 + 5 - 2). Let w = -1 + p. Suppose w*j - j = 48. Calculate the greatest common factor of j and 36.
12
Let q be 6*(2 + 1) - 3. Suppose 0 = 3*t + 3*d - 15, 0*d + 5 = 3*t + 5*d. Let i be 9*t/(0 - -2). Calculate the greatest common divisor of q and i.
15
Suppose -f = -2*w + f + 450, -4*f - 4 = 0. What is the greatest common factor of 7 and w?
7
Let d(l) = 2*l**2 - 5*l - 34. Let x be d(14). What is the highest common factor of x and 32?
32
Suppose -27 = -o + 9. Let k be 2/1 - (3 - 13). Let b be (3/4)/(1/k). Calculate the highest common factor of o and b.
9
Let b = -13 - -17. Let d(k) = 6*k - 10. Let n be d(b). What is the highest common divisor of n and 14?
14
Suppose -3*c + 3*p + 101 = -c, -3*c + 109 = 4*p. Let a = c + -26. Calculate the greatest common divisor of 187 and a.
17
Suppose 2*v - 5 - 13 = 0. Let s(y) = 3 - 4 - 2 - y - 3. Let z be s(-7). What is the greatest common divisor of v and z?
1
Suppose 0*y + 5*y - 50 = 0. Let p be (-6)/(-2)*(-10)/(-2). Let g be 4/y + 159/p. Calculate the highest common factor of 22 and g.
11
Let w be (-7)/(-4) + (-1)/(-4). Suppose a = -w*a. Suppose a = -2*t + 3 - 1, -u = 3*t - 13. What is the greatest common factor of u and 2?
2
Suppose -2*k + 24 = -0. Suppose 0 = -m + k + 7. What is the highest common divisor of 95 and m?
19
Let p = -109 + 164. Calculate the highest common divisor of p and 5.
5
Let o(c) = 2*c**2 - 6*c - 4. Let h be o(-5). Let t be 22 + -7 + -1 + 5. What is the greatest common divisor of h and t?
19
Let m = -56 + 168. Let b be (-41)/(-2)*16/8. Let t = -25 + b. What is the greatest common factor of t and m?
16
Suppose -4*h + 40 = 5*b - b, -2*b + 35 = 5*h. What is the greatest common divisor of h and 1?
1
Let i be (44/(-6))/(8/(-264)). Calculate the greatest common factor of 22 and i.
22
Suppose -4*a = 4, -3*a = 5*k - 5*a + 8. Let d be (-108)/(k - 2) - 3. What is the highest common divisor of d and 6?
6
Suppose 3*v = -3*n, -2*v - 3*n = -4*v + 20. Suppose v*s - 14 - 2 = g, -16 = -4*s - 2*g. Suppose -7*w = -18 - 10. What is the greatest common divisor of w and s?
4
Suppose -4*t = t - 20. Let a(x) = 8 - 1 + x + 2*x - t*x. Let b be a(3). What is the highest common factor of 4 and b?
4
Suppose -2*v + 0*v + 273 = -5*w, -2*v - 257 = 5*w. Let x = 3 - w. Calculate the greatest common divisor of x and 7.
7
Let c be (1/(-1))/((-1)/(-4)). Let f = 2 + c. Let s be (f - -4 - 3)*-4. Calculate the greatest common factor of 36 and s.
4
Let t be 3 + 0*(-1 + 0). Suppose t*p - 5*p - 32 = 4*z, -5*p + 5*z = 125. Let s = p - -34. Calculate the greatest common factor of s and 108.
12
Suppose 2*j = -j + g + 47, 4*j + 5*g = 50. Let t = 14 - -16. Calculate the highest common divisor of t and j.
15
Let u = 56 - -16. Let m be u/10*(-85)/(-2). Let q be m/8*(4 - 0). What is the greatest common divisor of 17 and q?
17
Let u = 21 - 16. Suppose 2*t - 75 = -3*q + 34, 62 = 2*q - 4*t. Calculate the greatest common divisor of q and u.
5
Let i = -1 - -1. Suppose 5*t = 3*q - 135 - 95, -t - 1 = i. What is the highest common factor of q and 30?
15
Let r(f) = 4*f - 12. Let w be r(4). What is the highest common divisor of w and 36?
4
Let g = 19 + -25. Let n be (-664)/g - (-4)/(-6). What is the highest common divisor of 10 and n?
10
Suppose 2*l = -4*o + 54, -2*o + 5*o - 46 = 4*l. Suppose -10*q = -8*q + 16. Let w = o + q. Calculate the greatest common divisor of 15 and w.
3
Let k be 77/(0 + 1) + (39 - 41). Let t(i) = 4*i**2 + i - 3. Let x be t(-3). What is the greatest common divisor of k and x?
15
Let o(i) = 3 + 2*i + 2 - 2 + 47*i**3 - 4. Let k be o(1). Calculate the highest common factor of k and 16.
16
Suppose 15 = 3*g - 0*g + 3*t, 0 = 3*g + t - 11. Suppose -3*l + 19 = 4, 4*z = g*l - 3. Let y be 5/(z/3)*6. What is the highest common factor of 12 and y?
6
Let p(c) = -c. Suppose 0 = s - 19 + 5. Suppose -s = 4*w + 6. Let k be p(w). What is the greatest common factor of k and 20?
5
Suppose -v - 2*v = -27. Suppose 0 = 2*s - 0*s - 36. What is the greatest common factor of s and v?
9
Suppose -2*h = 5*j - 9, 3*j + h + 0*h = 5. Let p be (-37)/(-2) - (-2)/(-4). Let q be 166/p - 6/27. What is the greatest common factor of j and q?
1
Suppose 4*l - 5*i + 0 = -13, 3*i - 5 = l. Let f be (1/l)/((-2)/28). Calculate the highest common factor of f and 14.
7
Suppose 28 = 2*k + 5*k. Suppose -k*x - 2*x = -114. Calculate the greatest common factor of 95 and x.
19
Let h be (3/(-2) - -2)*34. Suppose -2*v + 4*x + 50 = 0, 3*v - 6*v = 2*x - 43. What is the greatest common divisor of h and v?
17
Let r(a) = a**3 - 4*a**2 - 3*a - 7. Let i be r(5). Suppose i*o - 208 = -o. Calculate the highest common divisor of o and 13.
13
Suppose -k = -1 + 5. Let h be k/(-18) - 97/(-9). Calculate the greatest common factor of 1 and h.
1
Let k = 57 + -27. Suppose -2*w + 0*w + k = 0. Calculate the greatest common factor of 15 and w.
15
Suppose 2 + 8 = 5*h. Let v(q) = -2*q + h*q**2 - 1 - 3 + 3 - 1. Let n be v(2). Calculate the greatest common divisor of 2 and n.
2
Let j be (-3 - 285)*3/(-3). What is the greatest common divisor of 36 and j?
36
Suppose 5*s - s + 8 = 0. Let h be (10 + -3)/(s/(-12)). What is the highest common factor of 14 and h?
14
Suppose -13*u = -17*u + 12. Calculate the highest common divisor of u and 9.
3
Let c = 49 - 31. Calculate the greatest common factor of 9 and c.
9
Let k = 35 + -27. Suppose 5*a - 60 - 20 = 0. Calculate the greatest common divisor of a and k.
8
Let f be (-5 + 5)/4 - -24. Calculate the highest common factor of 8 and f.
8
Let c = -27 - -47. What is the greatest common divisor of c and 220?
20
Let j(t) = -3 + 0*t - t + 0. Let g be j(-5). Suppose 0 = -2*x + x + g. Calculate the highest common factor of x and 2.
2
Let a be (-1)/(-3) + 3293/111. Calculate the highest common divisor of 75 and a.
15
Let c(v) = -v**2 + 4*v + 4*v - 4*v + 0*v - 1. Let o be c(2). Calculate the highest common divisor of o and 1.
1
Let i = 19 + -9. Calculate the greatest common factor of 110 and i.
10
Suppose 14*k - 7*k = 490. What is the greatest common factor of 14 and k?
14
Let t(r) = -r**2 + 6*r + 4. Let q be t(6). Suppose 1 = -h + q. Suppose 2*i = -h + 7. Calculate the highest common divisor of i and 18.
2
Let z = 37 - 2. Let u be (-4)/(-14) - (-550)/z. What is the greatest common factor of 64 and u?
16
Let a be (-26)/91 - (-212)/7. Suppose -5*k + 4*k = -a. Let b = -4 + 24. Calculate the highest common divisor of b and k.
10
Let k(w) = 2*w + 63. Let t be k(0)